 13)).
5
Calculate (11 + -1 - (-3 - -4)) + (1 - 3).
7
What is -24 - (-27 - (26 - 14))?
15
What is the value of (20 - 27) + 1 + (1 - -3) + -6?
-8
Calculate (3 - 1) + (0 - -2) + (120 - 118).
6
-5 + (27 - 16) + 11 + -2 + 0
15
26 + 16 + (-42 - -12)
12
Calculate (5 - (13 - 14)) + 0.
6
What is -10 - ((-2 - -3) + -12 + (1 - -6))?
-6
What is the value of 28 + (7 - (7 - -1 - -5)) - 4?
18
Calculate -24 + -6 + (-8 - -3) + 19 - -9.
-7
What is the value of -14 + -1 + 1 + (-9 - (1 + 0))?
-24
What is 33 - (66 - (-13 + 35))?
-11
What is the value of -24 + 2 - (60 - 87)?
5
Calculate (-24 + 16 - -14) + (0 - -2).
8
What is -1 - (-1 + -13 + 19)?
-6
What is the value of -5 + (11 + 2 - 8)?
0
-4 - 9 - 0 - (-4 - -3)
-12
-9 - (-11 + -29 + 3 + (8 - -2))
18
(19 - 18 - -10) + -7 + 24
28
What is 9 + 13 - (15 + -3 - 27)?
37
Evaluate (-10 + 8 - -10 - -1) + -7 + -9.
-7
-67 - (1 - 31) - -17
-20
What is 3 - (0 + -1) - (8 - (42 + -52))?
-14
What is the value of (-16 + 24 - -1) + -5 + 20?
24
What is the value of 4 + -30 + -28 + 3 + 28?
-23
Calculate (-5 - -3) + 2 - (-13 - 9).
22
-13 - (6 - (7 + 0 - (-14 - -24)))
-22
Calculate 0 - (-6 + (-6 - (-7 - 5)) + 7).
-7
Evaluate 6 + -2 - -5 - 1 - 4.
4
-1 - (7 - 4 - 4 - -9)
-9
Evaluate 9 - (6 + (6 - -18)).
-21
What is the value of -30 - 1 - (5 + -10 + -7)?
-19
1 - (-10 - (3 - 8)) - (-1 + -3)
10
What is (19 - -16) + (-35 - -16)?
16
Calculate -229 + 203 - (3 - 2 - 9).
-18
What is the value of 1 + -5 - (39 + -9 + 12 + -15)?
-31
(-8 - 19 - 16) + 26
-17
What is the value of 53 + -35 - 24 - (-34 + -1 + 4)?
25
Calculate -1 + 0 + (5 - (10 + -23)).
17
What is 17 + -17 + (-3 - 7) + (32 - -3)?
25
Evaluate 1 + (-6 + -9 - -4) + -2.
-12
What is 25 + (-22 - -9) + -14?
-2
Calculate -18 - (20 + -32) - (-2 + 0 - 25).
21
Calculate -146 + 141 + 1 + 19.
15
What is -7 - (-5 + 6 + 6 - 0)?
-14
What is the value of 27 - ((4 - -3) + 7)?
13
What is -7 + (8 - (-3 - 2)) + (0 - -3)?
9
What is the value of 1 + -5 - (-3 + 7 - 29 - -3)?
18
What is the value of (4 - (-12 - -10)) + -4 + 2 + 5?
9
30 - ((11 - 15) + 20)
14
What is (-17 - -37) + -10 + -25?
-15
Evaluate (1 - -1) + (-41 - (-2 + -20)).
-17
Evaluate (-6 - (-9 + 11 - 5)) + -16.
-19
(-15 - (0 + (-46 - -21))) + (-32 - 1)
-23
Calculate (3 - -2 - (-11 - -19)) + 23 - 4.
16
Calculate -10 + (-1 + -3 - -9) + 24 + -29.
-10
(-47 - -44 - (2 - (0 + 3))) + -1
-3
What is the value of -2 - 3 - (-15 + 7)?
3
-25 + -1 - (6 - 16) - -46
30
Evaluate (1 - 0 - (-9 - -13)) + (3 - 7).
-7
What is the value of -4 - (-7 + 2 + -105 + 116)?
-10
What is -14 + 20 + 4 + -23?
-13
(-10 + 6 - 6) + (19 - -6)
15
9 + -7 + 5 + 1 + -2
6
What is the value of -20 + (1 + 15 - (-146 - -151))?
-9
Calculate 36 - 40 - (0 + -5) - (25 + -8).
-16
Evaluate 11 - (-17 + 34) - (-28 + 3).
19
What is -24 - (-10 + (-16 - -7))?
-5
What is the value of -9 + 3 + (-3 - 0 - 8)?
-17
-21 + -24 + 6 + 35
-4
Evaluate -81 - (-3 - (-13 - -56)).
-35
What is 12 - (-14 + -6 - -11)?
21
Calculate 0 + -3 + -2 + -3 + 0 + 9.
1
Evaluate -117 - -107 - (3 + 2 + -19).
4
What is the value of (-8 + -2 + (-2 - -12) - 3) + 28?
25
40 + -49 + 17 + (5 - -1)
14
0 + -6 + 18 + 0 + -28
-16
(3 - (16 - 0)) + 22
9
What is the value of (4 - 1) + (-7 - -9 - -5 - 2)?
8
Evaluate (0 - (15 + -31)) + -1 + (-4 - -5).
16
-10 - ((-9 - (-4 - -2)) + -2)
-1
Evaluate 19 + (-13 - -21 - 0 - 5).
22
What is the value of 3 - -36 - (-22 - -2 - -34)?
25
What is the value of 23 - 25 - (15 + -47)?
30
What is the value of -12 - (-9 + (-8 - -17))?
-12
What is -30 + 25 + 0 + 43 + (3 - 12)?
29
Calculate -8 - 15 - (-16 - -16).
-23
Evaluate (-3 - -5 - 3) + 0 - (-20 - -3).
16
What is the value of -1 + 8 - (271 - 258)?
-6
What is -13 + (8 - -6) + 1 + 7?
9
Calculate -24 - (-9 - 3 - (-3 + -5)).
-20
Calculate (5 - ((14 - 17) + -2)) + 0.
10
(-10 - (-32 + (10 - 15))) + -14
13
What is the value of (5 - 7 - -2) + 11 + 9 + 0?
20
-33 - (19 - 67) - (23 - 2)
-6
Evaluate -12 - (18 + -16 - -2).
-16
Calculate 8 - 19 - (-20 - 0).
9
Evaluate (-3 + 19 - 15) + 2 + -7.
-4
Calculate (65 - 56) + (-1 - 13).
-5
What is 16 - (84 + -74 + -1 + (-3 - 11))?
21
(17 - 18) + 8 + -15 + -3
-11
19 - (-3 + 25) - 0
-3
What is 1 + -37 + (-15 - -35)?
-16
What is 11 + 12 - 7 - 4?
12
What is (7 - (22 + -18)) + -20 - (1 - 7)?
-11
Calculate 8 + (41 - 20 - 0).
29
Calculate 7 - (-12 + 13 - 5).
11
What is the value of (0 - 2 - -6) + 0 + 15 + -1?
18
What is -4 + -11 - -36 - 37?
-16
What is -16 + (7 - (-12 - -2))?
1
(0 + 11 - 2) + 22 + 50 + -81
0
Evaluate 2 + (-3 - 1 - 0) + (12 - 11).
-1
-23 + -9 + (140 - 88)
20
1 + 2 - 5 - (-19 + 31)
-14
(3 - 3) + -17 + (-37 - -45)
-9
Calculate 13 + -19 - (-5 + -1 + -14 + -6).
20
What is the value of -51 + 60 + (-7 - 1) + 8?
9
What is the value of 1 + -1 + (74 - 78 - (-13 + -1))?
10
Evaluate (-11 + -5 - -14) + (-2 - -11).
7
Calculate -1 + 0 + -580 + 590 - -22.
31
What is 16 + -28 + (-3 - -7) + 2?
-6
What is 17 + 14 + 6 + -26?
11
What is the value of -1 + 27 + -39 - (-26 - 0)?
13
What is the value of (-6 - 6 - (-15 - (-7 - 0))) + 27?
23
What is the value of -8 + -19 + -3 + 19?
-11
Calculate 13 + 2 + -16 + 14 + -12.
1
9 + -11 + (11 - 14) + (0 - -15)
10
Calculate (-20 + 43 - 18) + 0 + 0.
5
Calculate -10 + 19 - (5 + 16 - 4).
-8
Evaluate 0 - (-8 + 16 + (6 - (4 + 1))).
-9
Calculate (45 - (30 + 6)) + (-7 - -1).
3
What is the value of 3 - (8 + -3) - (-25 - (-1 + -2))?
20
(-38 - -15) + (-2 - -19)
-6
What is (0 - (-4 - (-3 - -7 - -7))) + -7?
8
Evaluate -7 - 3 - (-26 - (-3 - 2)).
11
Evaluate 4 + (32 - 13) - 22.
1
Calculate -3 + -5 + (30 - (6 + 1)).
15
31 - (-8 - 4 - -29)
14
-10 + -3 - (-66 + 54)
-1
What is the value of -10 + -4 + (8 - -2) - 3?
-7
Calculate (-3 - -2 - -5) + (9 + 1 - 6).
8
What is (-11 - (3 + -6)) + 5?
-3
Calculate (-9 - -2) + (16 - 1) + -14.
-6
What is 5 - ((-1 - (12 + -8)) + 1)?
9
22 - 0 - (-492 - -492)
22
Calculate 1 - (-4 + 1 - (0 + 5)).
9
What is -36 - (-93 - -14 - -30)?
13
What is the value of 15 + -20 + 3 + 1?
-1
What is the value of (-9 - (0 + -2)) + (426 - 419)?
0
What is -14 + -2 + 25 + -10 + 6?
5
What is the value of 527 + -535 - (-3 + 1 - 3)?
-3
-22 - (20 - (-8 - -23))
-27
What is -2 + 9 + 2 + (0 - (-7 - -13))?
3
Calculate -207 - -230 - (48 - 3).
-22
What is the value of 10 + (1 - (-2 + 9))?
4
Evaluate -16 - (0 + (-3 - 3) + 11 + 2).
-23
-7 + (-15 - -18 - 14)
-18
What is the value of (-73 - -41) + 28 - -25?
21
-2 + 2 + 42 + -46 - -16
12
Calculate -43 - -51 - ((3 - 0) + 2).
3
Calculate -20 - (-17 + 3 - -1) - 3.
-10
What is the value of -33 - ((29 - 29) + -9 + -1)?
-23
Calculate (-1 - 8) + (7 - (12 + -3)).
-11
What is -6 + ((-11 - -24) + 1 - 15)?
-7
What is 2 + 9 + -17 + 1 + -3 - 7?
-15
Evaluate -12 - (23 - (19 + 3)).
-13
What is -29 + (12 - (-48 - -35))?
-4
12 - (-163 + 183 - (1 - -13))
6
Evaluate (7 + -8 - 2) + 9.
6
Calculate 13 + -10 + 1 - ((-4 - -2) + -11).
17
What is the value of -12 + 20 + -14 - -11?
5
Evaluate 4 + (-5 - (-6 - (-9 + 5))).
1
5 - (-17 - (2 + -24))
0
What is -83 + 89 - (1 - (-4 + 2))?
3
Calculate 8 + (12 - 7) + -24.
-11
Calculate 9 + (-6 - ((5 - 4) + -19) - -6).
27
Evaluate -128 + 126 - (7 - 0) - (2 - 0).
-11
What is (-1 - -4) + (-24 - -12) + 9 + 12?
12
What is the value of -1 - 2 - (84 + -101 + (3 - -15))?
-4
-8 - ((-300 - -303) + (1 - (2 - -5)))
-5
What is the value of 9 - (2 - (-18 - (-2 + 4 + 6)))?
-19
Evaluate -23 - (4 - (-34 - -39)).
-22
Calculate (-55 - -8) + 27 + -5.
-25
Calculate -18 - 0 - (-16 + (-5 - (6 - 20))).
-11
What is the value of -15 + (-18 - -9 - -20)?
-4
Calculate 90 + -93 - (-8 - -1 - 1).
5
What is the value of -19 - -4 - (-3 - 20)?
8
What is -19 - -1 - (-299 + 263)?
18
What is (-67 + 61 - (-5 - (-2 - 0))) + 4?
1
Evaluate (-16 - (-9 - (4 - (-11 - -18)))) + 0.
-10
Calculate -8 - ((-18 - 4) + 35).
-21
Evaluate -4 + 2 + -16 - (9 + (3 - 5)).
-25
What is 6 + (-10 - (-5 - (-4 + -4)))?
-7
Evaluate -13 - (0 + 5 - 8 - 3).
-7
What is 9 - (3 + 2) - (-20 - (-16 - -6))?
14
Calculate (-3 - (3 + -1)) + -7 + 0 + 21.
9
-1 + (-6 - (1 + -18)) + -6
4
What is the value of (31 - 21) + (3 - 2 - 2)?
9
Evaluate (-16 - -20) + (0 - -4) + 3.
11
1 - 1 - (-31 + 68 + -21)
-16
Calculate (24 - (30 - 10)) + 11.
15
Calculate 5 + -13 + 1 + (0 - 9) + 5.
-11
(1 - 16) + -4 + (12 - 6)
-13
What is -25 + (-58 - -23) + 31?
-29
What is the value of 153 + -166 + 8 + -30?
-35
What is 20 + 2 + -19 - -6?
9
(1 - 7) + -1 + 0 + 11
4
What is the